{"id":296,"date":"2023-06-27T18:17:02","date_gmt":"2023-06-27T18:17:02","guid":{"rendered":"https:\/\/kristuskaralius.lt\/?page_id=296"},"modified":"2026-04-17T18:28:31","modified_gmt":"2026-04-17T18:28:31","slug":"adoracija","status":"publish","type":"page","link":"https:\/\/kristuskaralius.lt\/index.php\/pamaldos\/adoracija\/","title":{"rendered":"Adoracija"},"content":{"rendered":"\n<p>\u0160V\u010c. SAKRAMENTO ADORACIJA<\/p>\n\n\n\n<ul>\n<li>Kiekvien\u0105 ketvirtadien\u012f, po 18 val. \u0161v. Mi\u0161i\u0173, tyloje iki 20 val.<\/li>\n\n\n\n<li>Pirm\u0105j\u012f m\u0117nesio ketvirtadien\u012f \u2013 su malda ir giesm\u0117mis<\/li>\n<\/ul>\n\n\n\n<p><a href=\"https:\/\/maldynas.katalikai.lt\/liturgija\/eucharistijos-kultas-ne-misiose\/isstatymas\" title=\"\"><strong>\u0160ven\u010diausiojo Sakramento i\u0161statymas garbinti (adoruoti)<\/strong><\/a><\/p>\n\n\n\n<p><\/p>\n\n\n\n<figure class=\"wp-block-image size-large\"><img loading=\"lazy\" decoding=\"async\" width=\"1024\" height=\"967\" src=\"https:\/\/kristuskaralius.lt\/wp-content\/uploads\/2024\/08\/Adoracija-su-kun.-Pranu1-1024x967.jpg\" alt=\"\" class=\"wp-image-2972\" srcset=\"https:\/\/kristuskaralius.lt\/wp-content\/uploads\/2024\/08\/Adoracija-su-kun.-Pranu1-1024x967.jpg 1024w, https:\/\/kristuskaralius.lt\/wp-content\/uploads\/2024\/08\/Adoracija-su-kun.-Pranu1-300x283.jpg 300w, https:\/\/kristuskaralius.lt\/wp-content\/uploads\/2024\/08\/Adoracija-su-kun.-Pranu1-768x725.jpg 768w, https:\/\/kristuskaralius.lt\/wp-content\/uploads\/2024\/08\/Adoracija-su-kun.-Pranu1-1536x1451.jpg 1536w, https:\/\/kristuskaralius.lt\/wp-content\/uploads\/2024\/08\/Adoracija-su-kun.-Pranu1-2048x1935.jpg 2048w\" sizes=\"(max-width: 1024px) 100vw, 1024px\" \/><\/figure>\n\n\n\n<figure class=\"wp-block-image size-full is-resized\"><img loading=\"lazy\" decoding=\"async\" width=\"2048\" height=\"1345\" src=\"https:\/\/kristuskaralius.lt\/wp-content\/uploads\/2026\/04\/Velykos-2026-4.jpg\" alt=\"\" class=\"wp-image-4638\" style=\"width:650px;height:auto\" srcset=\"https:\/\/kristuskaralius.lt\/wp-content\/uploads\/2026\/04\/Velykos-2026-4.jpg 2048w, https:\/\/kristuskaralius.lt\/wp-content\/uploads\/2026\/04\/Velykos-2026-4-300x197.jpg 300w, https:\/\/kristuskaralius.lt\/wp-content\/uploads\/2026\/04\/Velykos-2026-4-1024x673.jpg 1024w, https:\/\/kristuskaralius.lt\/wp-content\/uploads\/2026\/04\/Velykos-2026-4-768x504.jpg 768w, https:\/\/kristuskaralius.lt\/wp-content\/uploads\/2026\/04\/Velykos-2026-4-1536x1009.jpg 1536w\" sizes=\"(max-width: 2048px) 100vw, 2048px\" \/><figcaption class=\"wp-element-caption\">2026 Didysis Penktadienis<\/figcaption><\/figure>\n\n\n\n<p>J\u0116ZUS MUMS SAKO:<\/p>\n\n\n\n<p class=\"has-text-align-left\"><strong>\u201eA\u0161 esu su jumis per visas dienas iki pasaulio pabaigos!\u201c <\/strong>(Mt 28, 20)<strong><br>\u201eRamyb\u0117 jums!\u201c<\/strong> (Jn 20, 26)<\/p>\n\n\n\n<p><\/p>\n\n\n\n<p>KAIP ADORUOTI<\/p>\n\n\n\n<p><strong>Tikint<\/strong> \u2013 nors \u017emogaus akys temato tik Ostij\u0105, bet tik\u0117dami \u017einome, kad Kristus \u010dia pat, gyvas ir artimas, koks Jis buvo su savo mokiniais Palestinoje. Adoracijos prad\u017eioje protas, kaip ir k\u016bnas, atsiklaupia. S\u0105moningai, visa \u0161irdimi priimame \u0161i\u0105 tikrov\u0119: Jis \u010dia, prie\u0161ais mane.<\/p>\n\n\n\n<p class=\"has-text-align-left\"><strong>Tyla <\/strong>\u2013 J\u0117zus mums pataria nedaugia\u017eod\u017eiauti. Gali ateiti kupinas tro\u0161kim\u0173, jausm\u0173, r\u016bpes\u010di\u0173 d\u0117l sav\u0119s ir d\u0117l kit\u0173. Nesusitelk \u012f tai. J\u0117zus laukia tik tavo pagarbos, pad\u0117kos bei meil\u0117s. Geriausia visk\u0105 pasitikint Jam atiduoti: savo r\u016bpes\u010dius, baimes, skurdum\u0105, nuod\u0117mes\u2026 Ir tyliai, ramiai leisti Jam, kaip spindin\u010diai Saulei, tave ap\u0161viesti, i\u0161gydyti, perkeisti ir per tave pasiekti visus, kuriuos myli. Nutilk, kad i\u0161girstum Dievo meil\u0117s kalb\u0105. Nutilk, nes \u201eDievas geriausiai girdi tylios meil\u0117s kalb\u0105\u201c (\u0160v. Kry\u017eiaus Jonas).<\/p>\n\n\n\n<p><strong>Mylint <\/strong>\u2013 tu esi akivaizdoje To, kuris yra vien tik meil\u0117, auka, tarnavimas. Jis yra nuolankus ir visi\u0161kai atsidav\u0119s. Jis garbina T\u0117v\u0105 gelb\u0117damas \u017emones. J\u012f adoruodama(-s) pajusi, kad tavo gyvenimas gali b\u016bti tik meil\u0117s auka. Adoracija \u2013 tai meil\u0117s mokykla. Ji tave kei\u010dia \u012f Krist\u0173. Leisk Jam tavyje myl\u0117ti, garbinti, aukotis. Tavo gyvenimas taps eucharistija.<\/p>\n\n\n\n<p><strong>AGAPE<\/strong> \u2013 graiki\u0161kas \u017eodis. Naujajame Testamente jis rei\u0161kia dievi\u0161k\u0105 meil\u0119, kuria Dievas mus myli ir kuri\u0105 teikia mums.<\/p>\n\n\n\n<p><strong>Ateinu <\/strong>\u2013 toks, koks esu. Su visu savimi. Tikiu, kad J\u0117zui svarbus mano buvimas \u010dia ir dabar. Jis man\u0119s laukia, mane pa\u017e\u012fsta ir priima. \u201eTu \u010dia. A\u0161 \u010dia.\u201cJis  man sako: \u201eMyl\u0117k mane toks, koks esi. A\u0161 \u017einau tavo varganum\u0105, trapum\u0105, \u017eaizdas. A\u0161 matau tavo nuod\u0117mes bei silpnumus. Vis d\u0117lto tau sakau: Duok man savo \u0161ird\u012f, myl\u0117k mane toks, koks esi. A\u0161 noriu tavo vargingos \u0161irdies meil\u0117s. Vaikeli, leisk man myl\u0117ti tave. A\u0161 trok\u0161tu tavo \u0161irdies.\u201c<\/p>\n\n\n\n<p><strong>Garbinu<\/strong> \u2013 savo \u0161irdyje kartoju garbinimo ir \u0161lovinimo \u017eod\u017eius. Galiu \u0161irdyje giedoti: \u201eGarbinu Tave, \u0161lovinu Tave. Tu mano Vie\u0161pats. Tu mano Gelb\u0117tojas. Tu mano Ganytojas. Garb\u0117 Tau, Kristau, mylimasis T\u0117vo S\u016bnau\u2026\u201c<\/p>\n\n\n\n<p><strong>D\u0117koju<\/strong> \u2013 \u012fvardiju, u\u017e k\u0105 noriu pad\u0117koti Kristui. Tyloje savo \u0161irdimi apkabinu J\u012f. \u201eKuo a\u0161 Vie\u0161pa\u010diui atsid\u0117kosiu u\u017e visa gera, k\u0105 Jis man padar\u0117?\u201c<\/p>\n\n\n\n<p><strong>Pra\u0161au<\/strong> \u2013 \u012fvardiju, ko trok\u0161tu sau ir kitiems. Nereikia daug \u017eod\u017ei\u0173. Galiu sumin\u0117ti pa\u017e\u012fstamus ir nepa\u017e\u012fstamus \u017emones ir juos tarsi pad\u0117ti J\u0117zaus akivaizdoje, kaip darydavo moterys, atne\u0161davusios J\u0117zui palaiminti savo vaikelius. Paaukoju savo skurdum\u0105, kad jis tapt\u0173 ne kli\u016btimi, o pasitik\u0117jimo \u201etramplinu\u201c kilti \u012f Diev\u0105. \u201eVie\u0161patie, pasitikiu Tavimi\u201c.<\/p>\n\n\n\n<p><strong>Einu<\/strong> \u2013 prisimenu kasdienyb\u0119 bei \u017emones, pas kuriuos gr\u012f\u017etu. Prisimenu, kad J\u0117zus eina su manimi ir pasiry\u017etu J\u012f ne\u0161ti savo broliams ir seserims. Tariu: \u201eTaip.\u201c<\/p>\n\n\n\n<p><\/p>\n\n\n\n<p>ADORACIJA SU EVANGELIJA PAGAL JON\u0104<\/p>\n\n\n\n<p><strong>Evangelijoje pagal Jon\u0105 da\u017enai aptinkame J\u0117zaus \u017eod\u017eius: \u201eA\u0161 esu.\u201c<\/strong><br>Adoruodami \u012fsiklausykime, k\u0105 J\u0117zus kalba apie save, kad geriau J\u012f pa\u017eintume ir pamiltume. \u012e kiekvien\u0105 sakin\u012f \u012fsiklausykime \u0161irdimi, lyg J\u0117zus, kuris yra \u010dia pat, prie\u0161ais mane, j\u012f tart\u0173 man. Valand\u0117l\u0119 j\u012f apm\u0105stykime \u0161irdies tyloje, paskui atsakykime J\u0117zui savais \u017eod\u017eiais.<\/p>\n\n\n\n<p><strong>A\u0161 esu gyvyb\u0117s duona, a\u0161 esu gyvoji duona <\/strong>(plg. Jn 6, 35. 48. 51)<br>J\u0117zus \u010dia kalba apie visi\u0161k\u0105 atsidavim\u0105 iki mirties: Jis yra d\u0117l vis\u0173 lau\u017eoma duona. Jis kvie\u010dia valgyti, t. y. priimti J\u012f \u012f save, kad Jis niekada neb\u016bt\u0173 atskirtas nuo m\u016bs\u0173, kad Jis b\u016bt\u0173 m\u016bs\u0173 stipryb\u0117. Nuostabus paprastumas, \u012fstabi dovana!<\/p>\n\n\n\n<p><strong>A\u0161 esu pasaulio \u0161viesa <\/strong>(Jn 8, 12. 9, 5)<br>J\u0117zus kalba \u017emon\u0117ms, skendintiems naktyje \u2013 ne\u017einantiems gyvenimo prasm\u0117s, nepa\u017e\u012fstantiems tikrojo Dievo veido, gyvenantiems melu. U\u017etarkime \u0161iuos \u017emones ir save. J\u0117zaus \u0161viesa gali pasiekti giliausias m\u016bs\u0173 tamsybes. Koks b\u016bt\u0173 m\u016bs\u0173 gyvenimas be Jo?<\/p>\n\n\n\n<p><strong>A\u0161 esu vartai<\/strong> (Jn 10, 7. 9)<br>J\u0117zus kalba apie save kaip apie avi\u0173 vartus ir ganytoj\u0105. Atviri vartai i\u0161laisvina, u\u017edaryti \u2013 saugo. Ar i\u0161gyvenu laisv\u0119 ir saugum\u0105, kuriuos suteikia tik\u0117jimas J\u0117zumi?<\/p>\n\n\n\n<p><strong>A\u0161 esu gerasis ganytojas <\/strong>(Jn 10, 11. 14)<br>Ganytojas pa\u017e\u012fsta vardu, myli, saugo, \u0161aukia, veda, gano, aukoja savo gyvyb\u0119 u\u017e kaimen\u0119 ir u\u017e kiekvien\u0105 av\u012f\u2026<\/p>\n\n\n\n<p><strong>A\u0161 esu Dievo S\u016bnus<\/strong> (Jn 10, 36)<br>Koki\u0105 dovan\u0105 mums dovanojo T\u0117vas! Savo vienatin\u012f S\u016bn\u0173\u2026 Per J\u0117z\u0173 galime pa\u017einti tikr\u0105j\u012f Dievo veid\u0105 \u2013 meil\u0119. Kas mato J\u0117z\u0173, mato ir T\u0117v\u0105 (plg. Jn 14, 9). J\u0117zus mus moko mylin\u010dio klusnumo ir vaiki\u0161ko pasitik\u0117jimo Dievu.<\/p>\n\n\n\n<p><strong>A\u0161 esu prisik\u0117limas ir gyvenimas<\/strong> (Jn 11, 25)<br>J\u0117zus taip kalba Mortai prie jos brolio Lozoriaus kapo. Ji atsako: \u201eTaip, Vie\u0161patie, a\u0161 tikiu!\u201c O a\u0161 artim\u0173j\u0173 mirties valand\u0105 arba galvodama(-s) apie savo mirt\u012f, kaip priimu J\u0117z\u0173, Jo pergal\u0119 prie\u0161 mirt\u012f?<\/p>\n\n\n\n<p><strong>A\u0161 esu kelias, tiesa ir gyvenimas<\/strong> (Jn 14, 6)<br>J\u0117zus ne tik rodo keli\u0105 \u012f Diev\u0105, bet per J\u0117z\u0173, su Juo ir Jame pa\u017e\u012fstame vis\u0105 Dievo meil\u0117s ties\u0105 ir, priimdami \u0161i\u0105 meil\u0119, jau gyvename am\u017einuoju gyvenimu, Dievo gyvenimu kasdienyb\u0117je!<\/p>\n\n\n\n<p><strong>A\u0161 Esu <\/strong>(Jn 8, 24. 28. 57. 13, 19)<br>\u201eA\u0161 Esu\u201c \u2013 tai paties Dievo vardas, apreik\u0161tas Mozei degan\u010diame kr\u016bme. A\u0161 esu su jumis, su tavimi kasdien iki pasaulio pabaigos\u2026 Eucharistijoje J\u0117zus yra su mumis!<\/p>\n\n\n\n<p><\/p>\n\n\n\n<p>KAS YRA EUCHARISTIJOS ADORACIJA<\/p>\n\n\n\n<p><strong>Senoji Ba\u017eny\u010dios tradicija<\/strong>, i\u0161rei\u0161kianti ypating\u0105 pagarb\u0105 ir meil\u0119 eucharistiniam J\u0117zui bei maldaujanti ypating\u0173 maloni\u0173.<\/p>\n\n\n\n<p><strong>Meil\u0117s bud\u0117jimas<\/strong>, \u012f kur\u012f \u012fsitraukia visi tikintieji, kiekvienas pagal savo galimybes. Tai tarsi nenutr\u016bkstanti maldos srov\u0117, atgaivinanti vis\u0105 tikin\u010di\u0173j\u0173 bendruomen\u0119 ir teikianti Dievui \u0161lov\u0119.<\/p>\n\n\n\n<p><strong>Vienyb\u0117s \u017eenklas<\/strong> vis\u0173, pamainomis ateinan\u010di\u0173 melstis, ir be galo ilga meil\u0117s bei tik\u0117jimo grandin\u0117.<\/p>\n\n\n\n<p><strong>Galinga u\u017etarimo malda<\/strong>, kai giesme, tylia ar balso malda atsiduodame J\u0117zui ir Jam pavedame visus tuos, kurie negali ateiti \u2013 ligonius, kalinius, nepa\u017e\u012fstan\u010diuosius J\u0117zaus\u2026 Vie\u0161pats vis\u0105 savo mylim\u0105 taut\u0105 laimina ir gaivina.<\/p>\n\n\n\n<p><\/p>\n\n\n\n<p class=\"has-text-align-left\">J\u0116ZUS MUS KVIE\u010cIA:<\/p>\n\n\n\n<p class=\"has-text-align-left\"><strong>\u201eLikite \u010dia ir pabud\u0117kite kartu su manimi. Bud\u0117kite ir melskit\u0117s! <\/strong>(Mt 26, 38; 41) <strong>\u201eAteikite pas mane visi, a\u0161 jus atgaivinsiu!\u201c<\/strong> (Mt 11, 28)<\/p>\n\n\n\n<p><strong>Apie adoracij\u0105<\/strong> <strong><a href=\"http:\/\/www.lcn.lt\/eucharistija2000\/programa\/adoracija.html?fbclid=IwAR3KEdaZxmcGN95_p6G9o4vjEZQlEVnhGwfrIA5GnzJAAuoZ_H4_bCR7YfU\">i\u0161 Lietuvos II eucharistinio kongreso<\/a> \/ <a href=\"https:\/\/www.vle.lt\/straipsnis\/eucharistiniai-kongresai\/\">Kaunas, 2000<\/a><\/strong><\/p>\n","protected":false},"excerpt":{"rendered":"<p>\u0160V\u010c. SAKRAMENTO ADORACIJA \u0160ven\u010diausiojo Sakramento i\u0161statymas garbinti (adoruoti) J\u0116ZUS MUMS SAKO: \u201eA\u0161 esu su jumis per visas dienas iki pasaulio pabaigos!\u201c (Mt 28, 20)\u201eRamyb\u0117 jums!\u201c (Jn 20, 26) KAIP ADORUOTI Tikint \u2013 nors \u017emogaus akys temato tik Ostij\u0105, bet tik\u0117dami \u017einome, kad Kristus \u010dia pat, gyvas ir artimas, koks Jis buvo su savo mokiniais Palestinoje. [&hellip;]<\/p>\n","protected":false},"author":3,"featured_media":0,"parent":404,"menu_order":2,"comment_status":"closed","ping_status":"closed","template":"","meta":{"om_disable_all_campaigns":false,"_mi_skip_tracking":false,"_monsterinsights_sitenote_active":false,"_monsterinsights_sitenote_note":"","_monsterinsights_sitenote_category":0,"footnotes":""},"aioseo_notices":[],"_links":{"self":[{"href":"https:\/\/kristuskaralius.lt\/index.php\/wp-json\/wp\/v2\/pages\/296"}],"collection":[{"href":"https:\/\/kristuskaralius.lt\/index.php\/wp-json\/wp\/v2\/pages"}],"about":[{"href":"https:\/\/kristuskaralius.lt\/index.php\/wp-json\/wp\/v2\/types\/page"}],"author":[{"embeddable":true,"href":"https:\/\/kristuskaralius.lt\/index.php\/wp-json\/wp\/v2\/users\/3"}],"replies":[{"embeddable":true,"href":"https:\/\/kristuskaralius.lt\/index.php\/wp-json\/wp\/v2\/comments?post=296"}],"version-history":[{"count":36,"href":"https:\/\/kristuskaralius.lt\/index.php\/wp-json\/wp\/v2\/pages\/296\/revisions"}],"predecessor-version":[{"id":4640,"href":"https:\/\/kristuskaralius.lt\/index.php\/wp-json\/wp\/v2\/pages\/296\/revisions\/4640"}],"up":[{"embeddable":true,"href":"https:\/\/kristuskaralius.lt\/index.php\/wp-json\/wp\/v2\/pages\/404"}],"wp:attachment":[{"href":"https:\/\/kristuskaralius.lt\/index.php\/wp-json\/wp\/v2\/media?parent=296"}],"curies":[{"name":"wp","href":"https:\/\/api.w.org\/{rel}","templated":true}]}}