{"id":59,"date":"2022-04-24T13:31:07","date_gmt":"2022-04-24T13:31:07","guid":{"rendered":"http:\/\/vegglu.com\/?page_id=59"},"modified":"2025-10-26T19:56:28","modified_gmt":"2025-10-26T19:56:28","slug":"parama","status":"publish","type":"page","link":"https:\/\/kristuskaralius.lt\/index.php\/parama\/","title":{"rendered":"Parama"},"content":{"rendered":"\n<p><strong>Paramos b\u016bdai<\/strong><br>1 .Palikti \u0161v. Mi\u0161i\u0173 auk\u0105 ba\u017eny\u010dioje.<br>2. Pervesti auk\u0105 \u012f parapijos s\u0105skait\u0105.<br>\u012e s\u0105skait\u0105 galite pervesti auk\u0105 ir u\u017e<br>\u0161v. Mi\u0161ias j\u016bs\u0173 asmenin\u0117mis intencijomis.<br>Norim\u0105 dat\u0105 suderinkite u\u017e\u0117j\u0119 arba<br>paskambin\u0119 \u012f parapijos ra\u0161tin\u0119<br>Tel. 0 629 41923<br>3. Pagal LR Paramos ir labdaros \u012fstatym\u0105 skirti 1,2 procento<br>valstybei sumok\u0117to gyventoj\u0173 pajam\u0173 mokes\u010dio.<br>D\u0117kojame u\u017e visokeriop\u0105 param\u0105.<br><strong>Duomenys paramai <\/strong><br>Paramos gav\u0117jas \u2013 KLAIP\u0116DOS KRISTAUS KARALIAUS PARAPIJA<br>Adresas: Bok\u0161t\u0173 g. 10, LT-92125 Klaip\u0117da, Lietuva<br>\u012emon\u0117s kodas 190768246<br>Bankas \u2013 AB \u201eSwedbank\u201c<br>A. s. LT587300010196783979<\/p>\n","protected":false},"excerpt":{"rendered":"<p>Paramos b\u016bdai1 .Palikti \u0161v. Mi\u0161i\u0173 auk\u0105 ba\u017eny\u010dioje.2. Pervesti auk\u0105 \u012f parapijos s\u0105skait\u0105.\u012e s\u0105skait\u0105 galite pervesti auk\u0105 ir u\u017e\u0161v. Mi\u0161ias j\u016bs\u0173 asmenin\u0117mis intencijomis.Norim\u0105 dat\u0105 suderinkite u\u017e\u0117j\u0119 arbapaskambin\u0119 \u012f parapijos ra\u0161tin\u0119Tel. 0 629 419233. Pagal LR Paramos ir labdaros \u012fstatym\u0105 skirti 1,2 procentovalstybei sumok\u0117to gyventoj\u0173 pajam\u0173 mokes\u010dio.D\u0117kojame u\u017e visokeriop\u0105 param\u0105.Duomenys paramai Paramos gav\u0117jas \u2013 KLAIP\u0116DOS KRISTAUS KARALIAUS [&hellip;]<\/p>\n","protected":false},"author":1,"featured_media":0,"parent":0,"menu_order":19,"comment_status":"closed","ping_status":"closed","template":"","meta":{"om_disable_all_campaigns":false,"_mi_skip_tracking":false,"_monsterinsights_sitenote_active":false,"_monsterinsights_sitenote_note":"","_monsterinsights_sitenote_category":0,"footnotes":""},"aioseo_notices":[],"_links":{"self":[{"href":"https:\/\/kristuskaralius.lt\/index.php\/wp-json\/wp\/v2\/pages\/59"}],"collection":[{"href":"https:\/\/kristuskaralius.lt\/index.php\/wp-json\/wp\/v2\/pages"}],"about":[{"href":"https:\/\/kristuskaralius.lt\/index.php\/wp-json\/wp\/v2\/types\/page"}],"author":[{"embeddable":true,"href":"https:\/\/kristuskaralius.lt\/index.php\/wp-json\/wp\/v2\/users\/1"}],"replies":[{"embeddable":true,"href":"https:\/\/kristuskaralius.lt\/index.php\/wp-json\/wp\/v2\/comments?post=59"}],"version-history":[{"count":24,"href":"https:\/\/kristuskaralius.lt\/index.php\/wp-json\/wp\/v2\/pages\/59\/revisions"}],"predecessor-version":[{"id":4113,"href":"https:\/\/kristuskaralius.lt\/index.php\/wp-json\/wp\/v2\/pages\/59\/revisions\/4113"}],"wp:attachment":[{"href":"https:\/\/kristuskaralius.lt\/index.php\/wp-json\/wp\/v2\/media?parent=59"}],"curies":[{"name":"wp","href":"https:\/\/api.w.org\/{rel}","templated":true}]}}